3/3 - 19*c**2/2 - 184*c + 2431. What is x(26)?
-2
Let v(n) be the first derivative of -n**3/6 + 5*n**2 - 35*n + 96. Let q(l) be the first derivative of v(l). Give q(5).
5
Let p(g) = 38*g - 226. Let u be p(6). Let t(r) be the first derivative of -r**4/4 + 2*r**3/3 - 2*r**2 + 4*r - 118. Determine t(u).
-4
Suppose 26 - 12 = 34*d - 20. Let a(h) = -91*h + 2. Determine a(d).
-89
Suppose 3*s = o + 20, 4*s - 2*o + 2 = 30. Let a(g) = -g**3 + 7*g**2 + g. Give a(s).
42
Let g(f) = 5*f + 2. Let h be (20 - (-3 + 2))*2/(-6). Let i be (-30)/h - -7*6/(-147). Let w(s) = 4*s + 1. Let p(n) = i*w(n) - 3*g(n). What is p(-3)?
-5
Let m(n) = -7*n + 37. Let x be m(5). Let w(u) = -3*u + 0 + 5*u - u**2 + 2*u - 1. Let l be w(x). Let g(o) = -o + 3. Calculate g(l).
0
Let d(t) = 2*t**2 - 4 - 2*t + 1 - 3*t. Let x be 14457/244 + -59 - (-15)/4. What is d(x)?
9
Suppose -17 = -5*l + 3. Suppose -m + 3*m - l = 0. Suppose m*y + 6 = 2. Let g(d) = d**2 + 3*d + 4. What is g(y)?
2
Let x(n) = n**3 - 9*n**2 - 10*n - 1. Let d(k) = 4*k**2 - 8*k + 5. Let c be d(7). Suppose c*z + 20 = 141*z. Let v(o) = -17*o - 75. Let t be v(z). Give x(t).
-1
Let f(u) be the first derivative of -2*u**3/3 - 4*u**2 - 7*u - 1398. Calculate f(-1).
-1
Suppose -9*t - 3*t = -7*t. Let r be (t - (-4)/(-3))/((-1)/(-6)). Let y(h) = -h**3 - 8*h**2 - 3*h - 11. Calculate y(r).
13
Let l(s) = 2*s + 24. Let x be l(-12). Suppose 3*n + x*c = c + 23, 3*n - 31 = -c. Let w(g) = 15 + g**2 - 25 - 2*g + n. Calculate w(-2).
7
Let a(g) = -11*g + 59. Let o be a(36). Let l = o - -338. Let q(u) = -10*u - 2. Give q(l).
-12
Suppose -16 = -5*z - 1, 4*r = 4*z + 4. Suppose b = r*b + 3*m - 9, 2*m + 3 = b. Let c(g) = g**3 + 13 - 4*g**3 - 8*g**2 + 2*g**b - 3 - 5*g. What is c(-7)?
-4
Let f(a) = -31*a**2 + 116*a + 835. Let d(n) = -13*n**2 + 50*n + 358. Let p(b) = -19*d(b) + 8*f(b). What is p(-8)?
-10
Let v(p) = 95*p**3 - 3*p**2 + 15*p - 25. Let h be v(2). Let x = h + -747. Let f(a) = -2*a**2 + 6*a - 6. What is f(x)?
-42
Suppose 5*i + 5*d = -35, 3*i - i = -4*d - 20. Let j(x) = -x - 3. Let h(k) = -4. Let n = -373 + 376. Let u(s) = i*j(s) + n*h(s). Determine u(5).
20
Suppose 0 = 3*r - 11*r + 24. Suppose -r*s + 5 = 2*x, 3*s + 9 + 2 = 2*x. Let j(p) = p**3 - 5*p**2 + 6*p - 6. Calculate j(x).
2
Let o(h) = -7*h + 198. Let m = -65 + 93. Let d be o(m). Let y(w) = -7*w**2 + w. Give y(d).
-26
Let d(i) = i**3 + 6*i**2 + 4*i - 5. Let f be d(-4). Let k(q) = 288*q - 57. Let n(x) = 28*x - 6. Let p(h) = -3*k(h) + 31*n(h). What is p(f)?
29
Let r = -15 - -16. Let o(c) = -c + 3. Suppose -7*b + 8 = -6. Let l(x) = -2. Let v(g) = b*o(g) + 3*l(g). Give v(r).
-2
Let y(r) = r**3 - r + 1. Let u(c) = 3*c**3 + 2*c**2 - 5*c. Let v(n) = -u(n) + 2*y(n). Let p be v(-3). Let m(s) = 3*s - 1 - 4*s + 7 + p*s. Calculate m(5).
11
Let j be 5/(-20) - 2/(-8). Let z be (-1 - (j - -3)) + 7. Let y(p) be the third derivative of -p**5/60 + p**4/6 - p**3/3 - 65*p**2. Determine y(z).
1
Let f(d) = -d**3 - 7*d**2 - 4*d + 4. Let j be f(-6). Let c(l) = l**3 + 8*l**2 + 3*l + 3. Calculate c(j).
-21
Let i(v) = v**3 - 2*v**2 - 10*v + 6. Let j(k) = -k**2 + 27*k - 75. Let q be j(24). Let n be i(q). Let w(f) = -13 - 5*f + 2*f + 2. Calculate w(n).
16
Suppose -12 = i + i + 3*x, 2*i = 4*x + 2. Let n(m) = -21*m + 14. Let j(b) = -18*b + 12. Let t(a) = 6*j(a) - 5*n(a). Determine t(i).
11
Let w(l) = -9 - l**2 + 0*l**2 + 0*l + l**3 - l. Let a = 195 + -90. Suppose -112*j + a*j = 0. Determine w(j).
-9
Let c(q) = -q**2 + 11*q + 31. Let o be c(13). Let k(a) = -23*a + o*a + 2*a - 33*a. Let f(u) = 10*u. Let p(x) = 14*f(x) + 3*k(x). Determine p(1).
-7
Let i = -235 - -238. Let j(k) = -3*k**2 + k - k**i + 6*k**2 + 0*k**2 - 4*k**2 + 4. Determine j(-3).
19
Let q(z) = -25*z + 15. Let l(o) = -18*o + 10. Let k(t) = -7*l(t) + 5*q(t). Calculate k(23).
28
Let u(m) = -m + 4. Let v = -31 + 32. Let t(z) = 9*z**2 + z**3 + 8*z - 3*z**2 - z + 5 - v. Let c be t(-4). Calculate u(c).
-4
Suppose 3*w - 14*z - 30 = -9*z, -w - 18 = 3*z. Let p(j) = -2*j**2 - 2*j - 16. Determine p(w).
-16
Suppose 3 = -7*v + 10. Suppose v + 6 = -q. Let i(n) = n**3 + 8*n**2 + 9*n + 15. Let d be i(q). Let x(o) = 13*o**2 + 2*o - 1. Determine x(d).
14
Let o(z) = 1 + 6 + 9*z - 1 + z**2. Let d be -18*(-2)/6 - 8/((-64)/(-120)). Give o(d).
6
Suppose 4*d - 147 = -2*q + 3, -q = 3*d - 77. Suppose -75*g + 12 = -q*g. Let z(s) = -1 + 2*s - s**2 + 0*s + 3. Calculate z(g).
-1
Suppose 0 = -z, -2*j - 22 = 3*z - 28. Let c(a) = 2*a**2 - a + 7. What is c(j)?
22
Suppose 0 = -5*l + 5*n + 90, 0 = 5*l - 19*n + 16*n - 80. Let o(k) = 9*k - 112. What is o(l)?
5
Suppose 3*d = -0*d - 24. Let o be (-18)/d*8/(-3). Let s(c) = -2*c - 1. Let m(f) = 6*f + 5. Let n(z) = o*s(z) - m(z). Give n(-1).
-5
Suppose 3*t - 6 + 0 = 0. Let y(f) = f - 12. Let g be y(14). Let z(w) = -2 - t*w + 5 + g. Calculate z(-5).
15
Let x = 552 + -540. Suppose -x*g = 32*g - 10*g. Let c(n) = 2*n + 13. Give c(g).
13
Suppose 0 = -i + 5*i + 32. Let j be i/44 - 26/(-22). Let n(p) = 11*p. What is n(j)?
11
Let q(w) = 6*w**3 + w**2 - 4*w - 6. Let k(u) = -5*u**3 + 4*u + 5. Let g(v) = 5*k(v) + 4*q(v). Let c = 2929 + -2924. Determine g(c).
-4
Let l(q) = 2749*q - 17 - 1352*q - 1392*q. Give l(16).
63
Let k(x) = 4*x + 15. Let j be k(-3). Let l(b) = b**2 - 182*b**3 + 61*b**j + 64*b**3 + 61*b**3. Let p(d) = 2*d - 15. Let v be p(7). Calculate l(v).
-3
Let q(t) = 10 - 7 + 4*t - 3*t. Suppose 0 = -3*i - n + 4*n - 267, 0 = 3*n + 15. Let j = i - -91. Calculate q(j).
0
Let s = -34 - -34. Suppose 2*y - 4*t - 14 = s, 4*y + 2*t = 4*t + 22. Suppose y*v - 17 = 3*z, -4*v - 3 - 9 = 4*z. Let f(c) = 4*c + 1. Calculate f(z).
-15
Let a(k) = -43*k**2 + k - 1. Let d be a(2). Let p = -166 - d. Let l(v) = v**3 - 5*v**2 + 4*v - 2. Determine l(p).
18
Let p(t) = -7*t**3 + 6*t**2 - 3*t - 26. Let a(o) = 47*o**3 - 42*o**2 + 22*o + 168. Let l(r) = -3*a(r) - 20*p(r). What is l(5)?
11
Let i(u) = 2*u**2 - 12*u - 15. Let b(x) = -x**2 + x + 2. Let c(r) = -4*r**2 + 4*r + 8. Let l(p) = -5*b(p) + c(p). Let q(t) = -i(t) + 3*l(t). Give q(-8).
1
Let y(k) = k**3 - 35*k**2 + 45*k - 398. Let n be y(34). Let j(l) = -l**3 - 27*l**2 - 73*l - 15. What is j(n)?
9
Let m = -422247 - -422239. Let d(b) be the second derivative of -b**3/6 + 5*b**2/2 + b. Give d(m).
13
Let c = -697 + -71. Let r = c + 770. Let h(u) = -11*u**2 - 2*u + 1. Give h(r).
-47
Suppose 14 - 44 = 10*w. Let q be (0 + 16/w)*399/266. Let i(z) = z**2 + 9*z + 11. What is i(q)?
3
Let s(q) = -q - 1. Let o(x) = x**3 - 6*x**2 - x - 15. Let w be o(6). Let r = w + 15. Let v(n) = -2*n - 3. Let m(c) = r*s(c) + 2*v(c). Give m(5).
10
Let u = -165 + 167. Let g(o) = -2*o**u - 18*o**3 - 4*o**2 + 17*o**3 - 4*o. Let i = -5 + 1. Calculate g(i).
-16
Let a(f) = -f**2 + 3*f. Suppose p + 3*p = -488. Let b = 87 + p. Let v = b - -40. Determine a(v).
-10
Let w(k) = 16*k + 33. Let b(f) = 23*f + 37. Let p(c) = -4*b(c) + 6*w(c). Determine p(-6).
26
Suppose 0*o = 18*o - 1998. Let y = o + -113. Let t(g) = g**2 - 4*g - 3. Calculate t(y).
9
Let m(x) = -x - 9. Suppose 2*c - 2*w = w + 175, -85 = -c + w. Suppose 4*v = -92 + c. Calculate m(v).
-6
Let p(i) = -95*i**2 + 31 - i + 38*i**2 + 22*i**2 + 36*i**2. Give p(0).
31
Suppose -423*y - 56 - 5939 = 4157. Let a(u) = 5*u + 130. What is a(y)?
10
Let h(z) = -17*z - 39. Let a(u) = u**2 - 3*u - 110. Let v be a(-9). Give h(v).
-5
Let t(b) = -b**3 + 8*b**2 + 3*b - 11. Let i be t(8). Let f(k) = k**3 - 15*k**2 + 28*k - 15. Give f(i).
11
Let v(w) be the third derivative of w**6/120 - w**5/5 - 11*w**4/6 - 5*w**3/3 + 7842*w**2. Determine v(15).
5
Let d(t) = -121*t + 32. Let g(s) = 41*s - 10. Let k(u) = 6*d(u) + 17*g(u). What is k(1)?
-7
Let l = -2733 - -2714. Let p(k) = 2*k + 27. Determine p(l).
-11
Let k(b) be the first derivative of 21*b**2/2 - 65*b - 3133. What is k(4)?
19
Let a(t) = t**3 + 8*t**2 + 4*t + 6. Suppose -9*i - 759 = -777. Suppose 4*y + 28 = i*z, z + 26 = -7*y + 4*y. Calculate a(y).
-26
Let u(c) = -4*c - 19. Let w(d) = 25*d + 108. Let y(o) = o**2 - 13*o - 54. Let h be y(16). Let a(g) = h*w(g) - 34*u(g). Determine a(-1).
12
Let q(w) be the second derivative of -1/10*w**5 - 1/2*w**3 + 81*w - 1/4*w**4 - 2*w**2 + 2. Give q(-2).
6
Let p(b) be the first derivative of -b**3/6 - 7*b**2/2 - 40*b + 54. Let w(o) be the first derivative of p(o). Determine w(-5).
-2
Let b(v) be the third derivative of v**5/30 - 85*v**4/